(n) = 10*n**3 - 6947*n**2 - 2089*n + 2839. Determine b(695).
59
Let b(t) = 1658*t + 64481. Determine b(-39).
-181
Let u(x) = 19147*x - 153851. Give u(8).
-675
Let z(s) = 10937*s - 1607741. What is z(147)?
-2
Let s(q) = q**3 + 3*q**2 - 229*q - 924. What is s(-4)?
-24
Let o(m) = -2*m**3 + 4*m**2 + 156*m - 416. Give o(3).
34
Let f(a) = 190893*a + 8781081. What is f(-46)?
3
Let n(y) = y**3 - 7572*y**2 + 226260*y - 1. Give n(30).
-1
Let w(c) = -7*c**2 + 13781*c - 82520. Give w(6).
-86
Let y(g) = -2*g**2 + 6759*g + 156506. Give y(-23).
-9
Let w(b) = 21*b - 5898. Calculate w(5).
-5793
Let t(i) = -65*i + 17076. Calculate t(263).
-19
Let a(r) = 17*r**2 - 1874*r + 100. Give a(110).
-340
Let q(j) = -10*j**2 - 11*j - 22. Calculate q(-9).
-733
Let v(o) = -3*o**3 - 1152*o**2 + 43*o + 16478. Calculate v(-384).
-34
Let p(l) = l**3 - 26*l**2 - 204*l + 28. What is p(32)?
-356
Let i(j) = 9*j**3 - 144*j**2 - 142*j + 275. Determine i(17).
462
Let z(j) = -4*j**3 + 305*j**2 - 2415*j + 115. Give z(8).
-1733
Let o(k) = 154*k - 16635. Determine o(106).
-311
Let h(g) = -4763*g + 14412. Determine h(3).
123
Let f(o) = -o**3 - 535*o**2 - 8897*o - 47127. What is f(-518)?
11
Let o(g) = 1267627*g + 13943893. Determine o(-11).
-4
Let n(j) = 2*j**2 + 1652*j + 77628. Determine n(-50).
28
Let k(x) = 4273*x - 89639. Determine k(21).
94
Let d(j) = 9303*j - 55890. Determine d(6).
-72
Let c(l) = -1444*l - 1132080. Give c(-784).
16
Let f(c) = c**2 + 174*c - 933. Give f(-182).
523
Let c(b) = 6*b**2 - 781*b - 1580. Determine c(132).
-128
Let i(a) = -4*a**3 + 1230*a**2 + 1861*a - 2292. Calculate i(309).
-129
Let t(f) = 716*f + 117299. Calculate t(-164).
-125
Let j(w) = -3*w**3 - w**2 + 32*w + 182. Give j(-5).
372
Let n(s) = 2*s**3 - 32*s**2 + 140*s - 204. Determine n(10).
-4
Let i(m) = m**2 - 65437*m - 4978986. Determine i(-76).
2
Let f(x) = -x**3 - 27*x**2 + 296*x + 1916. Calculate f(-34).
-56
Let a(s) = 5*s**3 + 154*s**2 - 27*s - 1607. What is a(-31)?
-1731
Let t(f) = -15*f**3 - 71*f**2 - 122*f - 747. Give t(-5).
-37
Let l(r) = 426*r**3 + 33*r**2 - 45*r + 1. Determine l(1).
415
Let h(v) = 11*v**2 + 132*v - 64. Determine h(-21).
2015
Let b(o) = -114592*o + 343771. What is b(3)?
-5
Let p(b) = -b**3 + 24*b**2 + 832*b - 19664. Determine p(23).
1
Let o(i) = -2*i**3 - 9*i**2 - 86*i - 1108. Give o(-10).
852
Let a(h) = -4730*h - 79857. Calculate a(-17).
553
Let u(b) = 40*b**2 + 1956*b - 212. Determine u(-49).
-16
Let j(o) = -o**3 + 21*o**2 - 278*o + 56747. Determine j(44).
-13
Let g(n) = -1594*n - 6458. Calculate g(-4).
-82
Let p(z) = 8558*z + 34226. Calculate p(-4).
-6
Let r(f) = -15732*f - 1321772. Determine r(-84).
-284
Let m(a) = -25*a**2 - 336*a - 1012. What is m(-3)?
-229
Let r(o) = 53*o**3 + 211*o**2 - 20*o - 69. What is r(-4)?
-5
Let k(c) = 13*c**3 + 8*c**2 - 53*c + 8. Calculate k(-4).
-484
Let g(z) = -z**3 - 116*z**2 - 116*z + 719. Determine g(-115).
834
Let f(o) = 66*o**3 + 3235*o**2 + 56*o + 312. What is f(-49)?
-31
Let u(i) = -2*i**2 + 80*i + 924. What is u(-13)?
-454
Let g(r) = -r**3 + 61*r**2 + 8*r - 460. Give g(61).
28
Let c(a) = -a**3 - 30*a**2 - 431*a - 4212. Give c(-19).
6
Let p(y) = -15*y**3 + 14109*y**2 + 5642*y + 3780. Determine p(941).
16
Let q(a) = -993*a**2 + 8214*a + 6518. What is q(9)?
11
Let g(l) = 2*l**3 + 189*l**2 - 85*l - 255. What is g(-95)?
-1205
Let r(h) = -h**3 + 44*h**2 - 204*h + 139. Calculate r(39).
-212
Let j(b) = -37*b**2 - 643*b - 21. Calculate j(-18).
-435
Let k(w) = 2336*w + 37355. Give k(-16).
-21
Let i(d) = d**3 + 70*d**2 + 786*d - 6047. Give i(-53).
48
Let g(c) = 26261*c + 131306. Calculate g(-5).
1
Let m(t) = t**3 + 28*t**2 - 454*t - 13399. Calculate m(-25).
-174
Let p(v) = v**2 - 9876*v - 1229877. What is p(-123)?
0
Let q(k) = -k**2 - 39*k - 685. What is q(-28)?
-377
Let n(x) = -x**3 + 193*x**2 - 311*x + 97976. Calculate n(194).
6
Let y(q) = -97*q + 480. Determine y(4).
92
Let h(t) = 512*t + 11250. Calculate h(-22).
-14
Let a(k) = 2719*k**2 - 43537*k + 100. Determine a(16).
-428
Let c(n) = -4535*n + 103856. Calculate c(23).
-449
Let l(b) = -368*b**2 + 680*b - 63. What is l(4)?
-3231
Let q(i) = 743218*i - 65403179. Give q(88).
5
Let l(v) = 3*v**3 + 201*v**2 + 1233*v + 51. Calculate l(-6).
-759
Let o(y) = -y**2 + 4480*y - 89205. What is o(20)?
-5
Let x(l) = 145*l - 5583. What is x(39)?
72
Let d(g) = 128482*g + 128418. What is d(-1)?
-64
Let k(u) = 5019274*u + 60231295. What is k(-12)?
7
Let z(k) = 7*k**3 + 89*k**2 - 7*k - 120. Calculate z(-14).
-1786
Let v(u) = -10*u**2 - 1409*u + 68214. Calculate v(-179).
15
Let i(g) = -856*g - 24763. Determine i(-27).
-1651
Let d(p) = 3*p**2 + 497293*p + 497292. What is d(-1)?
2
Let w(b) = -854*b - 9730. Determine w(-17).
4788
Let o(g) = -367*g - 2550. Give o(-7).
19
Let j(r) = 1533*r - 13269. Give j(9).
528
Let t(j) = -148*j + 4102. What is t(40)?
-1818
Let g(a) = a**3 + 321*a**2 + 970*a + 522059. Give g(-323).
91
Let t(b) = -4022*b + 140703. What is t(35)?
-67
Let x(w) = -60*w**2 - 663*w + 67. Determine x(-11).
100
Let k(d) = 2713*d + 5931. What is k(-2)?
505
Let y(l) = -12406*l + 161280. Give y(13).
2
Let s(n) = -25*n + 235. What is s(11)?
-40
Let o(f) = -f**2 + 675*f + 12464. Give o(-18).
-10
Let c(l) = -l**3 - 45*l**2 - l - 82. Determine c(-45).
-37
Let b(s) = 2*s**3 + 14*s**2 + 30*s - 11. What is b(-8)?
-379
Let n(s) = -33153*s - 331546. What is n(-10)?
-16
Let o(w) = -11*w**3 - 4*w**2 - 32*w + 131. What is o(7)?
-4062
Let i(q) = -11*q**3 - 10*q**2 + 6*q - 16. Determine i(4).
-856
Let j(l) = 1328*l + 168625. What is j(-127)?
-31
Let t(y) = 20*y**3 + 2*y**2 + 26*y - 76. Give t(3).
560
Let b(q) = q**3 - 7*q**2 + 101*q - 364. Calculate b(4).
-8
Let m(v) = 4*v**3 - 5*v**2 + 99*v - 787. Determine m(7).
1033
Let l(b) = -282424*b - 4236370. Calculate l(-15).
-10
Let x(y) = -y**2 + 127*y - 3657. Determine x(64).
375
Let c(h) = -18*h**2 + 5379*h + 5378. What is c(-1)?
-19
Let t(o) = -o**3 - 6*o**2 - 15*o - 66. What is t(-8)?
182
Let v(t) = -85*t + 809. Calculate v(-2).
979
Let b(l) = 5795*l + 249201. Calculate b(-43).
16
Let f(s) = 1702*s**2 + 86*s - 85. Give f(1).
1703
Let d(f) = 1308*f + 4644. Give d(-3).
720
Let r(a) = -2*a**3 + 568*a**2 - 560*a - 1625. What is r(283)?
73
Let x(t) = 12783800*t - 25567598. Calculate x(2).
2
Let f(m) = m**2 + 26795*m - 80397. Determine f(3).
-3
Let y(h) = 2*h**2 + 91*h + 839. What is y(-11)?
80
Let k(i) = i**3 + 15*i**2 + 137*i - 1536. Determine k(11).
3117
Let t(d) = 3*d**2 - 305*d + 12041. What is t(44)?
4429
Let w(n) = -382*n**2 - 810*n - 83. Give w(-2).
9
Let q(i) = 4*i**2 + 2224*i - 48480. What is q(21)?
-12
Let w(t) = -t**3 + 79*t**2 + 258*t - 26266. What is w(78)?
-58
Let v(j) = 4*j**2 - 5512*j - 146032. Calculate v(-26).
-16
Let w(j) = 5*j**2 - 200*j - 2300. What is w(-11)?
505
Let u(a) = 47401*a + 189675. Calculate u(-4).
71
Let n(u) = -4269*u - 418281. Calculate n(-98).
81
Let o(d) = 18413*d - 460311. Give o(25).
14
Let n(q) = q**2 - 364*q + 11631. What is n(35)?
116
Let c(u) = -u**2 + 2728*u - 437238. Determine c(171).
9
Let p(k) = -2*k**3 + 61*k**2 - 242*k + 184. Determine p(26).
-24
Let h(u) = -333*u**2 + 1639*u - 1640. What is h(1)?
-334
Let f(p) = p**3 + 18*p**2 - 25*p + 48. Calculate f(-19).
162
Let h(r) = 8*r**3 - 146*r**2 + 52*r - 277. Calculate h(17).
-2283
Let w(o) = o**3 + 8*o**2 - 1722*o - 18697. What is w(-11)?
-118
Let x(f) = 2301077*f + 103548466. Give x(-45).
1
Let u(w) = -77*w - 30372. What is u(-395)?
43
Let q(d) = d**2 - 135*d + 3828. What is q(47)?
-308
Let u(k) = -4*k**2 - 74*k - 118. Determine u(-15).
92
Let y(x) = -3*x**3 + 43*x**2 - 2*x - 206. Give y(12).
778
Let r(q) = 305*q - 44209. Calculate r(145).
16
Let b(l) = -635*l - 15223. What is b(-26)?
1287
Let q(c) = -6033*c + 2298590. What is q(381)?
17
Let m(z) = -290*z**2 - 9731*z + 4392. Determine m(-34).
6
Let q(j) = -3611*j - 101173. What is q(-28)?
-65
Let u(o) = 16*o**2 + 691*o + 7112. What is u(-20)?
-308
Let h(j) = 82*j**3 - 2*j**2 + 135*j - 266. Determine h(2).
652
Let r(q) = 4*q**3 + 959*q**2 - 253*q - 2551. What is r(-240)?
569
Let a(v) = -v**2 - 8884*v + 6075025. What is a(638)?
-11
Let x(r) = r**2 + 267*r + 12158. Calculate x(-54).
656
Let n(t) = 7*t**2 - 263774*t + 2109738. Calculate n(8).
-6
Let f(n) = 592*n**2 + 169313*n + 369. Give f(-286).
83
Let h(f) = 9*f**2 + 2834*f - 63488. 